s 203869 composite?
False
Is 6289 composite?
True
Is 97297 a composite number?
True
Is 406115 a prime number?
False
Is 20129 a composite number?
False
Is 46077 a prime number?
False
Is 646315 a prime number?
False
Is 43205 a prime number?
False
Is 19349 a composite number?
True
Is 247901 a prime number?
True
Is 5223 a prime number?
False
Is 2495947 composite?
False
Is 24359 prime?
True
Is 49583 prime?
False
Is 54109 a composite number?
True
Is 3551 a prime number?
False
Is 28789 composite?
False
Is 12637 a composite number?
False
Is 21547 a composite number?
True
Is 475421 a prime number?
True
Is 1549319 prime?
True
Is 2102479 composite?
False
Is 37322 composite?
True
Is 53285 prime?
False
Is 34309 composite?
True
Is 115571 prime?
True
Is 9111 prime?
False
Is 33721 a composite number?
False
Is 1263881 a prime number?
False
Is 22837 a composite number?
True
Is 4663 composite?
False
Is 1641513 a prime number?
False
Is 10361 a prime number?
False
Is 673 a composite number?
False
Is 202019 a composite number?
True
Is 1361 a prime number?
True
Is 7297 a composite number?
False
Is 1657 a composite number?
False
Is 656794 a prime number?
False
Is 164729 a composite number?
False
Is 739207 a prime number?
False
Is 73109 prime?
False
Is 4771 composite?
True
Is 56081 prime?
True
Is 886163 prime?
True
Is 2517 a prime number?
False
Is 2809 composite?
True
Is 668139 prime?
False
Is 373 composite?
False
Is 319 a composite number?
True
Is 3137 prime?
True
Is 11069 a prime number?
True
Is 6463 composite?
True
Is 344407 a prime number?
False
Is 214597 a composite number?
True
Is 14191 prime?
False
Is 163307 prime?
True
Is 2298745 a composite number?
True
Is 4039 a composite number?
True
Is 128831 a composite number?
False
Is 445171 a prime number?
False
Is 204629 a prime number?
False
Is 1423 composite?
False
Is 10487 prime?
True
Is 51257 composite?
False
Is 179161 a composite number?
False
Is 213271 prime?
False
Is 124979 a composite number?
False
Is 6127 a composite number?
True
Is 28883 prime?
False
Is 192161 a prime number?
True
Is 26903 a composite number?
False
Is 13523 a composite number?
False
Is 769453 composite?
False
Is 907 a composite number?
False
Is 260773 a composite number?
False
Is 36037 prime?
True
Is 34313 composite?
False
Is 88709 a prime number?
False
Is 3482 prime?
False
Is 30869 prime?
True
Is 2735 composite?
True
Is 300277 composite?
False
Is 36131 a prime number?
True
Is 7621 a prime number?
True
Is 2957 a prime number?
True
Is 568466 a prime number?
False
Is 412681 a prime number?
False
Is 100451 composite?
True
Is 41671 composite?
True
Is 300221 a composite number?
False
Is 15601 prime?
True
Is 20401 a composite number?
True
Is 120223 a prime number?
True
Is 462821 a composite number?
True
Is 64777 a composite number?
True
Is 239633 prime?
True
Is 114151 a prime number?
False
Is 32171 a composite number?
True
Is 42629 a composite number?
True
Is 1759 a composite number?
False
Is 4121 a composite number?
True
Is 7627 a composite number?
True
Is 232923 prime?
False
Is 71401 prime?
False
Is 227405 composite?
True
Is 5941 composite?
True
Is 146957 a composite number?
True
Is 15389 composite?
True
Is 20861 a prime number?
False
Is 57347 prime?
True
Is 107893 composite?
True
Is 299993 composite?
False
Is 4267 a prime number?
False
Is 19717 composite?
False
Is 78473 composite?
True
Is 31867 prime?
False
Is 81097 a prime number?
True
Is 2183 prime?
False
Is 8083 prime?
False
Is 125589 a prime number?
False
Is 191413 a prime number?
True
Is 62105 composite?
True
Is 75385 a composite number?
True
Is 2526721 a composite number?
False
Is 2473753 a composite number?
True
Is 892433 a composite number?
False
Is 121519 prime?
False
Is 88207 prime?
False
Is 120343 composite?
True
Is 60209 a prime number?
True
Is 53857 a composite number?
False
Is 5849 prime?
True
Is 418853 a prime number?
False
Is 4771 a composite number?
True
Is 236261 a prime number?
True
Is 6209 a composite number?
True
Is 21377 composite?
False
Is 319693 composite?
True
Is 486547 a composite number?
True
Is 455783 a prime number?
True
Is 6521 prime?
True
Is 1741451 a prime number?
True
Is 34031 composite?
False
Is 169237 a prime number?
False
Is 3140693 a composite number?
False
Is 16519 a composite number?
False
Is 1355 a prime number?
False
Is 213 a prime number?
False
Is 101659 a prime number?
False
Is 14143 a prime number?
True
Is 101947 a prime number?
False
Is 37907 composite?
False
Is 18947 composite?
False
Is 3981 a composite number?
True
Is 47818 composite?
True
Is 29527 prime?
True
Is 337577 composite?
True
Is 448741 composite?
False
Is 833939 a prime number?
False
Is 16921 a composite number?
False
Is 150677 a composite number?
True
Is 6239 a prime number?
False
Is 395 a prime number?
False
Is 1785367 a prime number?
True
Is 11366 composite?
True
Is 334779 composite?
True
Is 118211 a prime number?
True
Is 10454 composite?
True
Is 625609 a composite number?
False
Is 1507 composite?
True
Is 144407 a composite number?
False
Is 825185 a composite number?
True
Is 569719 a prime number?
False
Is 1047061 composite?
False
Is 13641 composite?
True
Is 365747 prime?
True
Is 33563 a composite number?
False
Is 17551 a prime number?
True
Is 91909 a composite number?
False
Is 265937 prime?
False
Is 11791 prime?
False
Is 345637 prime?
True
Is 22229 a prime number?
True
Is 1928357 a prime number?
False
Is 6731 a composite number?
True
Is 907 composite?
False
Is 25409 a prime number?
True
Is 119027 prime?
True
Is 181871 prime?
True
Is 20597 prime?
False
Is 46723 a composite number?
False
Is 198313 a prime number?
True
Is 128107 a composite number?
True
Is 1580387 a composite number?
False
Is 30713 a composite number?
False
Is 58477 prime?
True
Is 267749 a composite number?
False
Is 93163 prime?
False
Is 79273 a prime number?
True
Is 227869 a prime number?
True
Is 10378 composite?
True
Is 582031 composite?
False
Is 122557 prime?
True
Is 719 prime?
True
Is 14431 prime?
True
Is 1360889 prime?
True
Is 8329 a prime number?
True
Is 7639 composite?
False
Is 68947 a prime number?
True
Is 262586 prime?
False
Is 46957 a composite number?
False
Is 39971 a composite number?
False
Is 8654 a composite number?
True
Is 1049 a prime number?
True
Is 79711 composite?
True
Is 134153 prime?
True
Is 20161 a prime number?
True
Is 48403 a prime number?
False
Is 32909 composite?
False
Is 26421 a composite number?
True
Is 1973 a prime number?
True
Is 10697 composite?
True
Is 427859 a composite number?
False
Is 1527203 prime?
True
Is 33701 prime?
False
Is 1539889 composite?
True
Is 252641 prime?
True
Is 10297 prime?
False
Is 228793 prime?
True
Is 14321 a composite number?
False
Is 11299 a prime number?
True
Is 11677 a prime number?
True
Is 39723 composite?
True
Is 5012923 a prime number?
True
Is 33871 a prime number?
True
Is 21979 prime?
False
Is 82883 prime?
True
Is 5627 prime?
False
Is 132019 prime?
True
Is 2545 a prime number?
False
Is 55831 prime?
False
Is 9895 composite?
True
Is 2571757 prime?
True
Is 112121 a prime number?
True
Is 3694 prime?
False
Is 998 prime?
False
Is 911 a prime number?
True
Is 46114 a prime number?
False
Is 11863 a prime number?
True
Is 4224529 composite?
False
Is 26801 a prime number?
True
Is 287743 prime?
False
Is 419 prime?
True
Is 5353 a prime number?
False
Is 9493 a prime number?
False
Is 7321 composite?
False
Is 6487 a composite number?
True
Is 1858985 prime?
False
Is 15829 a composite number?
True
Is 10037 prime?
True
Is 204089 a prime number?
False
Is 62507 composite?
False
Is 535633 a composite number?
True
Is 15013 a prime number?
True
Is 260317 a composite number?
False
Is 58559 a composite number?
True
Is 2333 composite?
False
Is 98221 a prime number?
True
Is 207433 a prime number?
True
Is 3695 prime?
False
Is 83671 a prime number?
False
Is 251915 prime?
False
Is 9059 prime?
True
Is 356963 a composite number?
True
Is 96893 prime?
True
Is 67117 a composite number?
True
Is 1570037 composite?
True
Is 8983 prime?
False
Is 143513 a composite number?
False
Is 146051 prime?
True
Is 180707 prime?
False
Is 516091 a prime number?
True
Is 91007 a prime number?
False
Is 1099309 a prime number?
True
Is 457 composite?
False
Is 155119 composite?
False
Is 227639 prime?
False
Is 425233